6*m(t). Let x(y) = -y**3 - 4*y**2 - 5*y - 4. Let g be x(-3). Determine h(g).
-2
Let c(z) be the third derivative of 0*z + 1/6*z**3 + 1/120*z**6 + 0 - 1/6*z**4 - 27*z**2 + 1/60*z**5. What is c(-3)?
-5
Let m(x) be the second derivative of 2/3*x**3 + 4*x - 1/12*x**4 + 0 - 2*x**2. What is m(3)?
-1
Let w = 2 + -3. Let b(v) = -186*v - 6*v**3 + 8*v**3 + v**2 + 18*v**3 + v**2 + 187*v. What is b(w)?
-19
Let d(v) be the third derivative of -v**6/120 - 2*v**5/15 - 7*v**4/24 - 4*v**3/3 - 7*v**2. Suppose 16*m + 74 = -38. Determine d(m).
-8
Suppose 9 = 3*d, 5*t = 2*d - 3*d - 22. Let b(s) = -15*s. Let z(v) = 5*v + 7*v - 4*v. Let w(q) = 6*b(q) + 11*z(q). Give w(t).
10
Let f(n) = -n**2 - 7*n + 6. Let c be f(-7). Let u(j) = -5 + j**2 + 4*j - c*j + 5*j. Suppose 3*r + 16 = -r. Calculate u(r).
-1
Let w be 3*-2 - (51/(-17) - -1 - 4). Let l = -2 + 2. Let h(v) = l + 7 + v + 0. Calculate h(w).
7
Let j be 0/2 + -4 + (-42)/(-2). Let v(w) = 10*w + 1 - j*w + 6*w + 3. Give v(5).
-1
Let g(b) be the third derivative of b**4/8 + b**3 + 345*b**2. Suppose 0 = 5*h + 2*r + 29 + 1, -r - 17 = 3*h. What is g(h)?
-6
Let i(u) = u**3 - 6*u**2 + 4*u + 1. Suppose -n + 15 = 3*y + 1, 0 = -2*y - 2*n + 12. Give i(y).
-15
Let z(k) be the third derivative of -k**6/360 - k**5/120 - k**3/2 + 22*k**2. Let a(q) be the first derivative of z(q). What is a(0)?
0
Let o be ((-3)/(-7) - 1)/(22/(-77)). Let n(z) = 5*z - 1. What is n(o)?
9
Let v(x) = -x - 4. Suppose 3*h + 0*h - 4*u - 28 = 0, 0 = 5*h - 4*u - 60. Suppose p = 5*p - h. Suppose 0 = -p*n - 3*i - 17, -3*n + 0*n = -4*i + 19. Give v(n).
1
Let m(x) = -6*x - 2. Let r(i) = -2*i**3 - 31*i**2 + 14*i - 31. Let y be r(-16). Give m(y).
-8
Let l(u) = -3*u**2 + 7*u - 1. Let v(p) = 6*p - 1 - 3*p - 5*p**2 + 8*p + 0*p. Let j(k) = -8*l(k) + 5*v(k). Give j(3).
-9
Let t(r) be the first derivative of -r**4/4 - 4*r**3/3 + 3*r**2/2 + 6*r - 128. Give t(-5).
16
Let o be (-2 + 1)*-2*9/6. Let z = o - -2. Let a(j) = j**3 - 4*j**2 - 7*j - 2. What is a(z)?
-12
Let c(h) = 6*h + 3 + h**3 - 8*h + 1. Calculate c(0).
4
Let k(i) = 4*i + 27. Suppose 0 = 2*v + 4*a + 34, -5*a = 4*v + 14 + 39. Let n be k(v). Let b(q) = -4*q**3 - q**2. Determine b(n).
3
Suppose r = -3*g + 3*r - 21, -2*r + 1 = g. Let w(t) = -5. Let x(k) = k - 24. Let d(f) = 11*w(f) - 2*x(f). Give d(g).
3
Let l(i) = -i - 3 + 4*i - 4*i. Suppose 0 = a - m - 7, 0 = 3*a + 5*m - 4 - 9. What is l(a)?
-9
Let s(k) = 9*k + 3. Let q(r) = -r**2 - r - 2. Let y(v) = -q(v) + s(v). Give y(-6).
-19
Let o(p) = -2*p**3 + p**2 + 2*p - 1. Suppose -5*d = -5*k, 2*d - 2 = 2*k - 2*d. Let y(j) = 2*j**3. Let c be y(k). Calculate o(c).
-9
Suppose -5*t = -2*t. Suppose t = -5*o - 0*o + 10. Let i(r) = 2*r + r + 2*r**2 - r**3 - 3*r**2 - 3. Determine i(o).
-9
Let l be (4/(-6))/(2/(-3)). Let q(g) be the first derivative of -g**4/2 - g**3/3 + g**2 - g - 94. Determine q(l).
-2
Let m(q) = q**2 + 4*q. Let v = 0 - -3. Suppose 0 = 2*l + 9 + v. Determine m(l).
12
Suppose -3*g = -4*h + 20, 0 = -4*h + 11*g - 7*g + 16. Let q(t) = 4*t + 1. What is q(h)?
33
Let h(l) = 10*l + 9684 - 4838 - l**2 - 4819. Determine h(13).
-12
Let d = 47 + -45. Let g(a) = 0 + 712*a - 715*a + 3 + a**3 + 4*a**d. Give g(-5).
-7
Let b(u) = -2*u**2 + 16*u + 310. Let j be b(-9). Let o(p) = 10*p - 5. Give o(j).
35
Suppose w - 10 = -w. Let l = w + -4. Let n(a) = -l + a + 0*a + 2 + a. Give n(-2).
-3
Let n(l) = -1. Let f(g) = -g**3 - 2*g + 5. Let h(j) = -f(j) - 6*n(j). Determine h(0).
1
Let z(x) = -4 - 519*x**2 + 518*x**2 + 5. Determine z(1).
0
Suppose 5*f - 8*f = 2*n + 7, -3*n = -4*f + 36. Let k(t) = -t**2 - 7*t + 3. Calculate k(n).
-5
Let q(o) = -o**2 + o + 1. Suppose 55 + 77 = -4*i. Let g = i + 34. Let x(w) = -w + 2. Let l(j) = g*q(j) - x(j). Give l(2).
-1
Let t(d) = -d - 5. Suppose 0 = -5*w + 3*a, -4*w + 8 = -0*a - 4*a. Let l be ((-2)/(-1) + w)*5. Calculate t(l).
0
Let x(n) = 4*n - 2. Let q(w) = -10*w + 308. Let v be q(31). What is x(v)?
-10
Let m be (-6)/(-9)*(25/(-2) + 5). Let z(w) be the second derivative of w**5/20 + 5*w**4/12 + w**3/6 + 3*w**2/2 + 4*w. Calculate z(m).
-2
Let d = -966 + 972. Let z(j) = -2*j + 20. What is z(d)?
8
Let j(o) = -7*o**2 - 19*o - 1. Let n(r) = 14*r**2 + 45*r + 3. Let x(f) = 7*j(f) + 3*n(f). Determine x(2).
-22
Let a(n) be the second derivative of 13*n**3/6 + 3*n**2/2 + 10*n. Let r(z) = 220*z + 50. Let d(h) = -50*a(h) + 3*r(h). Calculate d(2).
20
Suppose 2*z - 4 = -12. Let x be (-1)/((-9)/6 - -1). Let a(q) = 4*q + 4*q**3 + 2 - 11*q**2 - 3*q**3 - 2*q**3 + 8*q**x. Give a(z).
2
Let v(b) = b**2 + 3*b + 2. Let t = 59 - 64. Calculate v(t).
12
Suppose -46*a + 16 = -30*a. Let c(s) = -55*s. Give c(a).
-55
Let m = -682 - -674. Let v(h) = -h - 1. Let b(l) = -2*l + 3. Let s(w) = -b(w) + 5*v(w). Give s(m).
16
Suppose 4*r - 46 = -38. Let v(p) = -p + 2*p + 3*p**2 - 6*p**2 + r*p. What is v(2)?
-6
Suppose -7 + 37 = 2*j. Let o(u) = 4*u - u - 19 + j. Determine o(-3).
-13
Let p(k) = 5*k**3 + 6*k**2 - 4*k - 1. Let f(v) = -v**3 - v**2 + v. Let d(r) = 11*f(r) + 2*p(r). Let w be -2*(1 + (-15)/6). Determine d(w).
-11
Let p(a) = -13*a + 4. Let o(k) = -26*k + 8. Let x(i) = 3*o(i) - 5*p(i). Determine x(2).
-22
Let f(y) be the third derivative of y**6/20 - y**5/30 + y**4/24 - y**2. Let d be 3/15 - (-3)/(-15). Suppose d*c - 5*c + 8 = 3*w, 4*c = 4. What is f(w)?
5
Let h(w) = 5*w**2 - w - 2. Let t be 2*((-4)/(-2) - 1). Suppose 3*p = -4*d - t, p + d - 6 = 3*d. Calculate h(p).
16
Suppose 60 = -9*q - q. Let u(t) = t**3 + 6*t**2 + 5*t + 2. Let h be u(-5). Let x(i) = 2*i**h - 6 - 9*i + i - 3*i**2. Determine x(q).
6
Let n = -11 + 16. Suppose -18*w = -13*w - 20. Let h be n*(-3)/(-12)*w. Let z(y) = y**3 - 6*y**2 + 5*y - 6. Determine z(h).
-6
Let n(g) = g - 1. Let a(q) = -4*q + 50. Let s be a(11). Calculate n(s).
5
Let a(x) = -13 - 3 + 7*x**2 - 2*x + 1 + 13. Calculate a(-1).
7
Let j(f) = 2*f + 6. Let a(b) = 15*b + 13. Let s(n) = 2*n. Let k(w) = -a(w) + 6*s(w). Let z(p) = -5*j(p) - 3*k(p). Calculate z(10).
-1
Suppose s = -65*s + 132. Let h(k) be the third derivative of -7*k**s + 0 + 0*k - 1/24*k**4 + 7/6*k**3. Calculate h(5).
2
Let v(z) be the first derivative of -2*z**2 - 4*z + 291. Give v(6).
-28
Let s(w) = -6*w - 1. Let c = 12 + -11. Calculate s(c).
-7
Let a(l) = -l**3 + 6*l**2 + 4*l + 9. Let d(o) = -4*o**3 + 17*o**2 + 12*o + 27. Let x(c) = 7*a(c) - 2*d(c). What is x(-7)?
30
Let w(b) = -2*b**3 + 5*b**2 - 3*b + 2. Suppose 10*t + 64 - 224 = 0. Let o = -29 - -16. Let x = o + t. Calculate w(x).
-16
Let c(m) = -1 - 61*m - 59*m - 59*m + 204*m. Give c(-1).
-26
Let a be (-4)/(-14) + 69/(-21). Let c(p) = p**2 + 5. What is c(a)?
14
Let u(r) = 17*r - 69. Let c be u(4). Let x(f) = -19*f**2 + f. Calculate x(c).
-20
Let b(u) = 2*u**2 + 4*u - 13. Let j be b(2). Let f(a) = -3*a**2 + 1. Let x(z) = z**2 - z. Let g(p) = f(p) + 4*x(p). Calculate g(j).
-2
Let q = 33 + -30. Let t(p) = 39*p + 45*p - 1 + p**q - 77*p - 6*p**2. What is t(5)?
9
Suppose -23*m - 15 = -38. Let a(j) = -29*j + 1. Determine a(m).
-28
Let v(o) = -o**2 + 25*o - 50. Let l be v(23). Let f(j) = -3*j - 8. Calculate f(l).
4
Let l(y) = -70*y + 58*y - 6 + 9*y + 2. Let i(h) = -h**2 - 3*h + 1. Let o be i(-4). Give l(o).
5
Suppose -38*l + 54 = -35*l. Let o(v) = -l*v + v + 11*v. Calculate o(-1).
6
Let x(g) = g**3 - 11*g**2 + 11*g - 13. Let q(j) = 35*j - 585. Let n be q(17). Calculate x(n).
-3
Suppose 3*c = -4 - 5. Let p = -1 - c. Suppose -3 = -3*k - 5*z, -p*z + 3*z = -2*k - 5. Let x(m) = -m**3 - 3*m**2 + 3*m - 2. Determine x(k).
2
Let t(k) be the third derivative of -k**6/120 - k**5/12 + k**4/12 + 5*k**3/3 + k**2 - 108. Calculate t(-5).
0
Let a = 818/3 + -272. Let p(l) be the second derivative of a*l**3 - 6*l + 5/2*l**2 - 1/12*l**4 + 0. Determine p(5).
0
Let l(q) = 4*q**3 - 20*q**2 + 19*q - 1. Let y(j) = -7*j**3 + 39*j**2 - 37*j + 2. Let b(r) = -5*l(r) - 3*y(r). What is b(16)?
-1
Let s(f) = 2*f**2 - 3*f + 1. Let p = 20 + -22. Let z be (-4 + 5)*p/(-1). Determine s(z).
3
Suppose 4*o + 40 = -5*p, 2*o = -3*o + p - 21. Let s(b) = b**2 + 5*b + 3. What is s(o)?
3
Let k = -1 + 5. Let c(s) = 91*s**2 + s**3 + 2 + 3 - 4*s - 93*s**2 - 7. Calculate c(k).
14
Let l(p) = -20*p + 29*p - 3*p**2 + 7 - p**3 - p**3 + p**3. What is l(-5)?
12
Let u = 19 + -10. Let v(s) = -u + s + 5 + 0. What is v(4)?
0
Let d(p) = -14*p**2 + 58*p - 5. Let s be d(4). Let r(f) = 2*f. Calculate r(s).